{"id":188,"date":"2023-03-01T23:51:07","date_gmt":"2023-03-01T23:51:07","guid":{"rendered":"https:\/\/eylmalimusavirlik.com\/?page_id=188"},"modified":"2023-03-02T07:54:35","modified_gmt":"2023-03-02T07:54:35","slug":"muhasebe-hizmetleri","status":"publish","type":"page","link":"https:\/\/eylmalimusavirlik.com\/index.php\/muhasebe-hizmetleri\/","title":{"rendered":"Muhasebe Hizmetleri"},"content":{"rendered":"\n<p><br>Muhasebe hizmetleri, \u015firketlerin finansal i\u015flemlerini kaydetme, raporlama ve analiz etme s\u00fcre\u00e7lerinde yard\u0131mc\u0131 olan hizmetlerdir. Bu hizmetler, Mali M\u00fc\u015favirlik ve Denetim firmalar\u0131 taraf\u0131ndan sunulur ve \u015firketlerin mali y\u00f6netim s\u00fcre\u00e7lerini optimize etmelerine yard\u0131mc\u0131 olur.  EYL Mali M\u00fc\u015favirlik &amp; Denetim olarak firmalara sundu\u011fumuz hizmetler a\u015fa\u011f\u0131da listelenmi\u015ftir:<\/p>\n\n\n\n<p>Verdi\u011fimiz Muhasebe hizmetleri a\u015fa\u011f\u0131daki faaliyetleri kapsar:<\/p>\n\n\n\n<ul>\n<li><em><strong>Muhasebe kay\u0131tlar\u0131n\u0131n tutulmas\u0131: <\/strong><\/em>\u015eirketlerin finansal i\u015flemlerinin kaydedilmesi ve i\u015flenmesi i\u00e7in muhasebe kay\u0131tlar\u0131n\u0131n tutulmas\u0131 i\u015flemlerini i\u00e7erir. Bu i\u015flem, i\u015fletme faaliyetleri, bor\u00e7lar, alacaklar, gelirler ve giderler gibi konular\u0131n kaydedilmesini i\u00e7erir.<\/li>\n\n\n\n<li><strong><em>Finansal raporlama: <\/em><\/strong>\u015eirketlerin finansal durumlar\u0131n\u0131 ve performanslar\u0131n\u0131 yans\u0131tan finansal raporlar haz\u0131rlan\u0131r. Bu raporlar, bilan\u00e7o, gelir tablosu, nakit ak\u0131\u015f tablosu ve maliyet raporlar\u0131 gibi finansal raporlar\u0131 i\u00e7erir.<\/li>\n\n\n\n<li><strong><em>Vergi beyannamelerinin haz\u0131rlanmas\u0131: <\/em><\/strong>\u015eirketlerin vergi beyannamelerinin haz\u0131rlanmas\u0131 i\u015flemi, Mali M\u00fc\u015favirlik ve Denetim firmalar\u0131 taraf\u0131ndan sunulan bir hizmettir. Bu i\u015flem, vergi beyannamelerinin do\u011fru ve zaman\u0131nda haz\u0131rlanmas\u0131n\u0131 i\u00e7erir.<\/li>\n\n\n\n<li><strong><em>Muhasebe sistemleri ve dan\u0131\u015fmanl\u0131k:<\/em><\/strong> \u015eirketlerin finansal y\u00f6netim sistemlerinin geli\u015ftirilmesine ve iyile\u015ftirilmesine y\u00f6nelik dan\u0131\u015fmanl\u0131k hizmetleri sunar. Bu hizmet, finansal veri y\u00f6netimi, mali tablo analizi, i\u015fletme maliyetleri, nakit y\u00f6netimi, b\u00fct\u00e7e planlama ve risk y\u00f6netimi gibi konular\u0131 i\u00e7erir.<\/li>\n\n\n\n<li><em><strong>Denetim ve inceleme hizmetleri: <\/strong><\/em>\u015eirketlerin finansal kay\u0131tlar\u0131n\u0131n do\u011frulu\u011funu ve tutarl\u0131l\u0131\u011f\u0131n\u0131 kontrol etmek i\u00e7in denetim ve inceleme hizmetleri sunar. Bu hizmet, finansal denetim, i\u00e7 kontrol incelemesi, maliyet analizi ve finansal risk y\u00f6netimi gibi konular\u0131 i\u00e7erir.<\/li>\n<\/ul>\n\n\n\n<p><br><\/p>\n","protected":false},"excerpt":{"rendered":"<p>Muhasebe hizmetleri, \u015firketlerin finansal i\u015flemlerini kaydetme, raporlama ve analiz etme s\u00fcre\u00e7lerinde yard\u0131mc\u0131 olan hizmetlerdir. Bu hizmetler, Mali M\u00fc\u015favirlik ve Denetim firmalar\u0131 taraf\u0131ndan sunulur ve \u015firketlerin mali y\u00f6netim s\u00fcre\u00e7lerini optimize etmelerine yard\u0131mc\u0131 olur. EYL Mali M\u00fc\u015favirlik &amp; Denetim olarak firmalara sundu\u011fumuz hizmetler a\u015fa\u011f\u0131da listelenmi\u015ftir: Verdi\u011fimiz Muhasebe hizmetleri a\u015fa\u011f\u0131daki faaliyetleri kapsar:<\/p>\n","protected":false},"author":1,"featured_media":0,"parent":0,"menu_order":0,"comment_status":"closed","ping_status":"closed","template":"","meta":{"_mi_skip_tracking":false,"_joinchat":[]},"aioseo_notices":[],"_links":{"self":[{"href":"https:\/\/eylmalimusavirlik.com\/index.php\/wp-json\/wp\/v2\/pages\/188"}],"collection":[{"href":"https:\/\/eylmalimusavirlik.com\/index.php\/wp-json\/wp\/v2\/pages"}],"about":[{"href":"https:\/\/eylmalimusavirlik.com\/index.php\/wp-json\/wp\/v2\/types\/page"}],"author":[{"embeddable":true,"href":"https:\/\/eylmalimusavirlik.com\/index.php\/wp-json\/wp\/v2\/users\/1"}],"replies":[{"embeddable":true,"href":"https:\/\/eylmalimusavirlik.com\/index.php\/wp-json\/wp\/v2\/comments?post=188"}],"version-history":[{"count":3,"href":"https:\/\/eylmalimusavirlik.com\/index.php\/wp-json\/wp\/v2\/pages\/188\/revisions"}],"predecessor-version":[{"id":198,"href":"https:\/\/eylmalimusavirlik.com\/index.php\/wp-json\/wp\/v2\/pages\/188\/revisions\/198"}],"wp:attachment":[{"href":"https:\/\/eylmalimusavirlik.com\/index.php\/wp-json\/wp\/v2\/media?parent=188"}],"curies":[{"name":"wp","href":"https:\/\/api.w.org\/{rel}","templated":true}]}}