{"id":222,"date":"2023-03-02T11:20:52","date_gmt":"2023-03-02T11:20:52","guid":{"rendered":"https:\/\/eylmalimusavirlik.com\/?page_id=222"},"modified":"2023-03-02T11:23:06","modified_gmt":"2023-03-02T11:23:06","slug":"hakkimizda-2","status":"publish","type":"page","link":"https:\/\/eylmalimusavirlik.com\/index.php\/hakkimizda-2\/","title":{"rendered":"Hakk\u0131m\u0131zda"},"content":{"rendered":"\n<h2><br><strong>EYL Mali M\u00fc\u015favirlik Denetim ve Dan\u0131\u015fmanl\u0131k<\/strong><\/h2>\n\n\n\n<p><strong>EYL Mali M\u00fc\u015favirlik Denetim ve Dan\u0131\u015fmanl\u0131k Serbest Muhasebeci Mali M\u00fc\u015favir (SMMM) Esra Y\u0131lmaz taraf\u0131ndan 2022 y\u0131l\u0131nda kurulmu\u015ftur. Esra Y\u0131lmaz e\u011fitimini Marmara \u00dcniversitesi \u0130ktisat Fak\u00fcltesi \u2013 Y\u00fcksek Lisans (master) derecesi ile tamamlam\u0131\u015ft\u0131r.<\/strong> <strong>EYL Mali M\u00fc\u015favirlik Denetim ve Dan\u0131\u015fmanl\u0131k, yetki alan\u0131 dahilinde ger\u00e7ek ve t\u00fczel ki\u015filerin, vergi m\u00fckelleflerinin ba\u011f\u0131ms\u0131z denetim, vergi dan\u0131\u015fmanl\u0131\u011f\u0131, vergi incelemeleri, uzla\u015fmalar\u0131, vergi dava dan\u0131\u015fmanl\u0131\u011f\u0131, \u015firket de\u011ferlemesi, insan kaynaklar\u0131 dan\u0131\u015fmanl\u0131\u011f\u0131, risk ve yolsuzluk denetimi, \u00f6zel ama\u00e7l\u0131 raporlar ile 3568 Say\u0131l\u0131 Kanun ve T\u00fcrk Ticaret Kanunu gere\u011fince yap\u0131lmas\u0131 gereken t\u00fcm m\u00fc\u015favirlik ve denetim hizmetleri kapsam\u0131ndad\u0131r.<\/strong><\/p>\n\n\n\n<ul>\n<li>Profesyonel ekip<\/li>\n\n\n\n<li>Kurumsal dan\u0131\u015fmanl\u0131k<\/li>\n\n\n\n<li>Mali planlama<\/li>\n\n\n\n<li>Vergi dan\u0131\u015fmanl\u0131\u011f\u0131<\/li>\n\n\n\n<li>Finansal dan\u0131\u015fmanl\u0131k<\/li>\n\n\n\n<li>Denetim Hizmetleri<\/li>\n\n\n\n<li>Muhasebe hizmetleri<\/li>\n\n\n\n<li>7\/24 m\u00fc\u015fteri deste\u011fi<\/li>\n\n\n\n<li>B\u00fct\u00e7e planlama ve kontrol\u00fc<\/li>\n\n\n\n<li>\u015eirket kurulu\u015fu ve tescili<\/li>\n<\/ul>\n\n\n\n<h3>Esra Y\u0131lmaz <br>SMMM \u2013 EYL Mali M\u00fc\u015favirlik<br><br><\/h3>\n","protected":false},"excerpt":{"rendered":"<p>EYL Mali M\u00fc\u015favirlik Denetim ve Dan\u0131\u015fmanl\u0131k EYL Mali M\u00fc\u015favirlik Denetim ve Dan\u0131\u015fmanl\u0131k Serbest Muhasebeci Mali M\u00fc\u015favir (SMMM) Esra Y\u0131lmaz taraf\u0131ndan 2022 y\u0131l\u0131nda kurulmu\u015ftur. Esra Y\u0131lmaz e\u011fitimini Marmara \u00dcniversitesi \u0130ktisat Fak\u00fcltesi \u2013 Y\u00fcksek Lisans (master) derecesi ile tamamlam\u0131\u015ft\u0131r. EYL Mali M\u00fc\u015favirlik Denetim ve Dan\u0131\u015fmanl\u0131k, yetki alan\u0131 dahilinde ger\u00e7ek ve t\u00fczel ki\u015filerin, vergi m\u00fckelleflerinin ba\u011f\u0131ms\u0131z denetim, vergi dan\u0131\u015fmanl\u0131\u011f\u0131, vergi incelemeleri, uzla\u015fmalar\u0131, vergi dava dan\u0131\u015fmanl\u0131\u011f\u0131, \u015firket de\u011ferlemesi, insan kaynaklar\u0131 dan\u0131\u015fmanl\u0131\u011f\u0131, risk ve yolsuzluk denetimi, \u00f6zel ama\u00e7l\u0131 raporlar ile 3568 Say\u0131l\u0131 Kanun ve T\u00fcrk Ticaret Kanunu gere\u011fince yap\u0131lmas\u0131 gereken t\u00fcm m\u00fc\u015favirlik ve denetim hizmetleri kapsam\u0131ndad\u0131r. Esra Y\u0131lmaz SMMM \u2013 EYL Mali M\u00fc\u015favirlik<\/p>\n","protected":false},"author":1,"featured_media":0,"parent":0,"menu_order":0,"comment_status":"closed","ping_status":"closed","template":"","meta":{"_mi_skip_tracking":false,"_joinchat":[]},"aioseo_notices":[],"_links":{"self":[{"href":"https:\/\/eylmalimusavirlik.com\/index.php\/wp-json\/wp\/v2\/pages\/222"}],"collection":[{"href":"https:\/\/eylmalimusavirlik.com\/index.php\/wp-json\/wp\/v2\/pages"}],"about":[{"href":"https:\/\/eylmalimusavirlik.com\/index.php\/wp-json\/wp\/v2\/types\/page"}],"author":[{"embeddable":true,"href":"https:\/\/eylmalimusavirlik.com\/index.php\/wp-json\/wp\/v2\/users\/1"}],"replies":[{"embeddable":true,"href":"https:\/\/eylmalimusavirlik.com\/index.php\/wp-json\/wp\/v2\/comments?post=222"}],"version-history":[{"count":3,"href":"https:\/\/eylmalimusavirlik.com\/index.php\/wp-json\/wp\/v2\/pages\/222\/revisions"}],"predecessor-version":[{"id":228,"href":"https:\/\/eylmalimusavirlik.com\/index.php\/wp-json\/wp\/v2\/pages\/222\/revisions\/228"}],"wp:attachment":[{"href":"https:\/\/eylmalimusavirlik.com\/index.php\/wp-json\/wp\/v2\/media?parent=222"}],"curies":[{"name":"wp","href":"https:\/\/api.w.org\/{rel}","templated":true}]}}